{"id":764,"date":"2021-01-12T13:18:14","date_gmt":"2021-01-12T12:18:14","guid":{"rendered":"http:\/\/musikbox-cremlingen.de\/?page_id=764"},"modified":"2021-12-01T14:54:42","modified_gmt":"2021-12-01T13:54:42","slug":"musikbox-live-auf-youtube","status":"publish","type":"page","link":"https:\/\/musikbox-cremlingen.de\/?page_id=764","title":{"rendered":"Musikbox auf YouTube"},"content":{"rendered":"\n<div class=\"wp-block-media-text alignwide is-stacked-on-mobile\" style=\"grid-template-columns:40% auto\"><figure class=\"wp-block-media-text__media\"><img decoding=\"async\" loading=\"lazy\" width=\"1024\" height=\"817\" src=\"http:\/\/musikbox-cremlingen.de\/wp-content\/uploads\/2021\/03\/Vorlage_YouTube_Thumbnail_MFE1-1024x817.jpg\" alt=\"\" class=\"wp-image-843 size-full\" srcset=\"https:\/\/musikbox-cremlingen.de\/wp-content\/uploads\/2021\/03\/Vorlage_YouTube_Thumbnail_MFE1-1024x817.jpg 1024w, https:\/\/musikbox-cremlingen.de\/wp-content\/uploads\/2021\/03\/Vorlage_YouTube_Thumbnail_MFE1-300x239.jpg 300w, https:\/\/musikbox-cremlingen.de\/wp-content\/uploads\/2021\/03\/Vorlage_YouTube_Thumbnail_MFE1-768x613.jpg 768w, https:\/\/musikbox-cremlingen.de\/wp-content\/uploads\/2021\/03\/Vorlage_YouTube_Thumbnail_MFE1-1536x1226.jpg 1536w, https:\/\/musikbox-cremlingen.de\/wp-content\/uploads\/2021\/03\/Vorlage_YouTube_Thumbnail_MFE1-2048x1635.jpg 2048w\" sizes=\"(max-width: 1024px) 100vw, 1024px\" \/><\/figure><div class=\"wp-block-media-text__content\">\n<h1 class=\"wp-block-heading\"><strong>Die Musikbox ist auf YouTube<\/strong><\/h1>\n\n\n\n<p><strong>Besuchen Sie den <a rel=\"noreferrer noopener\" href=\"https:\/\/www.youtube.com\/channel\/UCPdEG-EPBejQrdFX1Jwe7vw\" target=\"_blank\">YouTube Kanal<\/a><\/strong><\/p>\n<\/div><\/div>\n\n\n\n<h3 class=\"wp-block-heading\" id=\"block-6c64e4f1-4b7e-4ad3-9d19-131425a902f2\"><br><strong>Die Videos f\u00fcr die Musikalische Fr\u00fcherziehung sind nicht alle \u00f6ffentlich auf unserem YouTube Kanal zug\u00e4nglich.<br>Wir bieten aber den angemeldeten Kindern die M\u00f6glichkeit, in der Videothek mehr Videos zu schauen.<\/strong><\/h3>\n\n\n\n<h3 class=\"wp-block-heading\" id=\"block-6c64e4f1-4b7e-4ad3-9d19-131425a902f2\"><strong>Bitte teilen Sie uns kurz per <a href=\"mailto:info@musikbox-cremlingen.de\">E-Mail<\/a> mit, dass Sie die Videothek betreten m\u00f6chten. Wir schicken Ihnen dann das Passwort zu.<\/strong><\/h3>\n\n\n\n<p class=\"has-medium-font-size\"><strong><a href=\"https:\/\/musikbox-cremlingen.de\/?page_id=970\" data-type=\"page\" data-id=\"970\">Zur Videothek<\/a> <\/strong>(Passwort erforderlich) <\/p>\n","protected":false},"excerpt":{"rendered":"<p>Die Musikbox ist auf YouTube Besuchen Sie den YouTube Kanal Die Videos f\u00fcr die Musikalische Fr\u00fcherziehung sind nicht alle \u00f6ffentlich auf unserem YouTube Kanal zug\u00e4nglich.Wir bieten aber den angemeldeten Kindern die M\u00f6glichkeit, in der Videothek mehr Videos zu schauen. Bitte teilen Sie uns kurz per E-Mail mit, dass Sie die Videothek betreten m\u00f6chten. Wir schicken&hellip;<\/p>\n<p class=\"more-link\"><a href=\"https:\/\/musikbox-cremlingen.de\/?page_id=764\" class=\"themebutton\">Read More<\/a><\/p>\n","protected":false},"author":1,"featured_media":0,"parent":0,"menu_order":0,"comment_status":"closed","ping_status":"closed","template":"","meta":[],"_links":{"self":[{"href":"https:\/\/musikbox-cremlingen.de\/index.php?rest_route=\/wp\/v2\/pages\/764"}],"collection":[{"href":"https:\/\/musikbox-cremlingen.de\/index.php?rest_route=\/wp\/v2\/pages"}],"about":[{"href":"https:\/\/musikbox-cremlingen.de\/index.php?rest_route=\/wp\/v2\/types\/page"}],"author":[{"embeddable":true,"href":"https:\/\/musikbox-cremlingen.de\/index.php?rest_route=\/wp\/v2\/users\/1"}],"replies":[{"embeddable":true,"href":"https:\/\/musikbox-cremlingen.de\/index.php?rest_route=%2Fwp%2Fv2%2Fcomments&post=764"}],"version-history":[{"count":99,"href":"https:\/\/musikbox-cremlingen.de\/index.php?rest_route=\/wp\/v2\/pages\/764\/revisions"}],"predecessor-version":[{"id":1007,"href":"https:\/\/musikbox-cremlingen.de\/index.php?rest_route=\/wp\/v2\/pages\/764\/revisions\/1007"}],"wp:attachment":[{"href":"https:\/\/musikbox-cremlingen.de\/index.php?rest_route=%2Fwp%2Fv2%2Fmedia&parent=764"}],"curies":[{"name":"wp","href":"https:\/\/api.w.org\/{rel}","templated":true}]}}