{"id":1096,"date":"2025-06-06T13:22:55","date_gmt":"2025-06-06T11:22:55","guid":{"rendered":"https:\/\/musikbox-cremlingen.de\/?page_id=1096"},"modified":"2025-06-06T16:49:26","modified_gmt":"2025-06-06T14:49:26","slug":"crejuku","status":"publish","type":"page","link":"https:\/\/musikbox-cremlingen.de\/?page_id=1096","title":{"rendered":"CreJuKu"},"content":{"rendered":"<p><meta charset=\"UTF-8\"><br \/>\n<meta name=\"viewport\" content=\"width=device-width, initial-scale=1.0\"><br \/>\n<title>Fragebogen f\u00fcr Kinderkultur<\/title><\/p>\n<style>\n    body {<br \/>\n      font-family: Arial, sans-serif;<br \/>\n      max-width: 700px;<br \/>\n      margin: auto;<br \/>\n      padding: 20px;<br \/>\n      background-color: #f5f5f5;<br \/>\n    }<br \/>\n    h1 {<br \/>\n      text-align: center;<br \/>\n      color: #2c3e50;<br \/>\n    }<br \/>\n    label {<br \/>\n      display: block;<br \/>\n      margin-top: 15px;<br \/>\n      font-weight: bold;<br \/>\n    }<br \/>\n    textarea, input[type=\"text\"] {<br \/>\n      width: 100%;<br \/>\n      padding: 8px;<br \/>\n      margin-top: 5px;<br \/>\n      box-sizing: border-box;<br \/>\n    }<br \/>\n    button {<br \/>\n      margin-top: 20px;<br \/>\n      padding: 10px 20px;<br \/>\n      font-size: 16px;<br \/>\n      background-color: #2ecc71;<br \/>\n      border: none;<br \/>\n      color: white;<br \/>\n      cursor: pointer;<br \/>\n    }<br \/>\n    button:hover {<br \/>\n      background-color: #27ae60;<br \/>\n    }<br \/>\n    .danke-box {<br \/>\n      display: none;<br \/>\n      margin-top: 30px;<br \/>\n      padding: 20px;<br \/>\n      background-color: #dff0d8;<br \/>\n      color: #3c763d;<br \/>\n      border: 2px solid #d6e9c6;<br \/>\n      border-radius: 10px;<br \/>\n      text-align: center;<br \/>\n      font-size: 18px;<br \/>\n    }<br \/>\n  <\/style>\n<p>Stell dir vor, es g\u00e4be tolle Angebote in der Gemeinde Cremlingen, bei denen du etwas Kreatives oder Spannendes machen kannst. Wir m\u00f6chten gerne wissen, was dir Spa\u00df machen w\u00fcrde! Es gibt keine falschen Antworten \u2013 sag einfach, was dir wichtig ist.<\/p>\n<h1>Fragebogen f\u00fcr Kinder (8\u201313 Jahre)<\/h1>\n<form id=\"kinderForm\" action=\"https:\/\/formsubmit.co\/copperburst58@gmail.com\" method=\"POST\">\n    <!-- Versteckte Felder f\u00fcr formsubmit --><br \/>\n<input type=\"hidden\" name=\"_subject\" value=\"Neue Antwort Kinderkultur-Fragebogen\"><br \/>\n<input type=\"hidden\" name=\"_captcha\" value=\"false\"><br \/>\n<input type=\"hidden\" name=\"_template\" value=\"table\"><br \/>\n<input type=\"hidden\" name=\"_next\" value=\"https:\/\/musikbox-cremlingen.de\"><\/p>\n<p><label>1. Was machst du gerne in deiner Freizeit?<\/label><br \/>\n<textarea name=\"freizeit\" rows=\"2\"><\/textarea><\/p>\n<p><label>2. Was macht dir richtig Spa\u00df, wenn du mit anderen zusammen bist?<\/label><br \/>\n<textarea name=\"spass_mit_anderen\" rows=\"2\"><\/textarea><\/p>\n<p><label>3. Gibt es etwas, das du schon immer mal ausprobieren wolltest?<\/label><br \/>\n<textarea name=\"ausprobieren\" rows=\"2\"><\/textarea><\/p>\n<p><label>4. Was findest du besonders spannend?<\/label><br \/>\n<input type=\"text\" name=\"spannend\" placeholder=\"z. B. Musik, Tanzen, Theater, Basteln\"><\/p>\n<p><label>5. Wenn du dir ein Projekt w\u00fcnschen d\u00fcrftest \u2013 wie w\u00e4re das?<\/label><br \/>\n<textarea name=\"wunschprojekt\" rows=\"2\"><\/textarea><\/p>\n<p><label>6. Mit wem w\u00fcrdest du das gerne machen?<\/label><br \/>\n<input type=\"text\" name=\"mit_wem\" placeholder=\"z. B. mit Freunden, neuen Leuten\"><\/p>\n<p><label>7. Was ist dir wichtig, wenn du mit anderen etwas machst?<\/label><br \/>\n<textarea name=\"wichtig\" rows=\"2\"><\/textarea><\/p>\n<p><label>8. Gibt es etwas, das dir bisher gefehlt hat oder das du dir w\u00fcnschst?<\/label><br \/>\n<textarea name=\"wuensche\" rows=\"2\"><\/textarea><\/p>\n<p><button type=\"submit\">Absenden<\/button><br \/>\n<\/form>\n<div class=\"danke-box\" id=\"dankeBox\">\n    Danke f\u00fcr deine Antworten! Du wirst gleich zur Startseite weitergeleitet.<\/div>\n<p><script><br \/>\n    document.getElementById(\"kinderForm\").addEventListener(\"submit\", function () {<br \/>\n      document.getElementById(\"dankeBox\").style.display = \"block\";<br \/>\n    });<br \/>\n  <\/script><\/p>\n","protected":false},"excerpt":{"rendered":"<p>Fragebogen f\u00fcr Kinderkultur Stell dir vor, es g\u00e4be tolle Angebote in der Gemeinde Cremlingen, bei denen du etwas Kreatives oder Spannendes machen kannst. Wir m\u00f6chten gerne wissen, was dir Spa\u00df machen w\u00fcrde! Es gibt keine falschen Antworten \u2013 sag einfach, was dir wichtig ist. Fragebogen f\u00fcr Kinder (8\u201313 Jahre) 1. Was machst du gerne in&hellip;<\/p>\n<p class=\"more-link\"><a href=\"https:\/\/musikbox-cremlingen.de\/?page_id=1096\" class=\"themebutton\">Read More<\/a><\/p>\n","protected":false},"author":1,"featured_media":0,"parent":0,"menu_order":0,"comment_status":"closed","ping_status":"closed","template":"","meta":[],"_links":{"self":[{"href":"https:\/\/musikbox-cremlingen.de\/index.php?rest_route=\/wp\/v2\/pages\/1096"}],"collection":[{"href":"https:\/\/musikbox-cremlingen.de\/index.php?rest_route=\/wp\/v2\/pages"}],"about":[{"href":"https:\/\/musikbox-cremlingen.de\/index.php?rest_route=\/wp\/v2\/types\/page"}],"author":[{"embeddable":true,"href":"https:\/\/musikbox-cremlingen.de\/index.php?rest_route=\/wp\/v2\/users\/1"}],"replies":[{"embeddable":true,"href":"https:\/\/musikbox-cremlingen.de\/index.php?rest_route=%2Fwp%2Fv2%2Fcomments&post=1096"}],"version-history":[{"count":22,"href":"https:\/\/musikbox-cremlingen.de\/index.php?rest_route=\/wp\/v2\/pages\/1096\/revisions"}],"predecessor-version":[{"id":1121,"href":"https:\/\/musikbox-cremlingen.de\/index.php?rest_route=\/wp\/v2\/pages\/1096\/revisions\/1121"}],"wp:attachment":[{"href":"https:\/\/musikbox-cremlingen.de\/index.php?rest_route=%2Fwp%2Fv2%2Fmedia&parent=1096"}],"curies":[{"name":"wp","href":"https:\/\/api.w.org\/{rel}","templated":true}]}}