{"id":100,"date":"2018-05-08T09:17:58","date_gmt":"2018-05-08T09:17:58","guid":{"rendered":"http:\/\/musikbox-cremlingen.de\/?page_id=100"},"modified":"2018-06-15T12:05:18","modified_gmt":"2018-06-15T10:05:18","slug":"schlaginstrumente","status":"publish","type":"page","link":"https:\/\/musikbox-cremlingen.de\/?page_id=100","title":{"rendered":"Schlaginstrumente"},"content":{"rendered":"<h3><img decoding=\"async\" loading=\"lazy\" class=\"alignnone size-full wp-image-328 alignleft\" src=\"http:\/\/musikbox-cremlingen.de\/wp-content\/uploads\/2018\/06\/fotolia_71902101-e1529056819134.jpg\" alt=\"\" width=\"300\" height=\"374\" \/><strong>RLRR LRLL<\/strong><\/h3>\n<p>DAS Schlaginstrument ist nat\u00fcrlich das Schlagzeug.<\/p>\n<p>Wer denkt: &#8222;Kn\u00fcppel in die Hand und drauf!&#8220;, der wird sich wundern. Denn nicht nur die Koordination durch die Anforderungen an die Unabh\u00e4ngigkeit, sondern auch Schl\u00e4gerhaltung und Schlagbewegung machen das Instrument so besonders. Und hinter so manchen Hands\u00e4tzen verbirgt sich eine unerwartete Nat\u00fcrlichkeit &#8211; RLRR &#8230;<\/p>\n<p>In der Musikbox k\u00f6nnen Sie auch die Instrumente <strong>Cajon<\/strong> oder <strong>Bongo<\/strong> lernen.<\/p>\n","protected":false},"excerpt":{"rendered":"<p>RLRR LRLL DAS Schlaginstrument ist nat\u00fcrlich das Schlagzeug. Wer denkt: &#8222;Kn\u00fcppel in die Hand und drauf!&#8220;, der wird sich wundern. Denn nicht nur die Koordination durch die Anforderungen an die Unabh\u00e4ngigkeit, sondern auch Schl\u00e4gerhaltung und Schlagbewegung machen das Instrument so besonders. Und hinter so manchen Hands\u00e4tzen verbirgt sich eine unerwartete Nat\u00fcrlichkeit &#8211; RLRR &#8230; In&hellip;<\/p>\n<p class=\"more-link\"><a href=\"https:\/\/musikbox-cremlingen.de\/?page_id=100\" class=\"themebutton\">Read More<\/a><\/p>\n","protected":false},"author":1,"featured_media":0,"parent":0,"menu_order":0,"comment_status":"closed","ping_status":"closed","template":"","meta":[],"_links":{"self":[{"href":"https:\/\/musikbox-cremlingen.de\/index.php?rest_route=\/wp\/v2\/pages\/100"}],"collection":[{"href":"https:\/\/musikbox-cremlingen.de\/index.php?rest_route=\/wp\/v2\/pages"}],"about":[{"href":"https:\/\/musikbox-cremlingen.de\/index.php?rest_route=\/wp\/v2\/types\/page"}],"author":[{"embeddable":true,"href":"https:\/\/musikbox-cremlingen.de\/index.php?rest_route=\/wp\/v2\/users\/1"}],"replies":[{"embeddable":true,"href":"https:\/\/musikbox-cremlingen.de\/index.php?rest_route=%2Fwp%2Fv2%2Fcomments&post=100"}],"version-history":[{"count":8,"href":"https:\/\/musikbox-cremlingen.de\/index.php?rest_route=\/wp\/v2\/pages\/100\/revisions"}],"predecessor-version":[{"id":333,"href":"https:\/\/musikbox-cremlingen.de\/index.php?rest_route=\/wp\/v2\/pages\/100\/revisions\/333"}],"wp:attachment":[{"href":"https:\/\/musikbox-cremlingen.de\/index.php?rest_route=%2Fwp%2Fv2%2Fmedia&parent=100"}],"curies":[{"name":"wp","href":"https:\/\/api.w.org\/{rel}","templated":true}]}}